{"id":5880,"date":"2017-12-22T04:55:03","date_gmt":"2017-12-22T06:55:03","guid":{"rendered":"http:\/\/franciscohue.com.br\/?page_id=5880"},"modified":"2023-06-01T14:26:02","modified_gmt":"2023-06-01T17:26:02","slug":"equipe","status":"publish","type":"page","link":"https:\/\/franciscohue.com.br\/?page_id=5880","title":{"rendered":"Equipe"},"content":{"rendered":"<p>[vc_row row_onepage_id=&#8221;#equipe&#8221; css=&#8221;.vc_custom_1513925779942{border-top-width: 40px !important;}&#8221; el_id=&#8221;equipe&#8221;][vc_column width=&#8221;1\/3&#8243;][vc_column_text css=&#8221;.vc_custom_1508910417378{padding-top: 60px !important;padding-left: 20px !important;}&#8221;]<\/p>\n<h1>Conhe\u00e7a nosso escrit\u00f3rio e equipe<\/h1>\n<p>[\/vc_column_text][vc_raw_html]JTNDYSUyMG5hbWUlM0QlMjJzdGF5JTIyJTNFJTNDJTJGYSUzRQ==[\/vc_raw_html][vc_separator el_id=&#8221;teste&#8221;][\/vc_column][vc_column width=&#8221;1\/3&#8243;][vc_column_text css=&#8221;.vc_custom_1509331559492{padding-top: 60px !important;padding-right: 20px !important;padding-bottom: 20px !important;padding-left: 0px !important;}&#8221;]<\/p>\n<p style=\"text-align: justify;\">Estabelecido no Rio de Janeiro desde 1996. Atuamos em projetos de resid\u00eancias, edif\u00edcios multifamiliares, escrit\u00f3rios, estabelecimentos comerciais e culturais, institui\u00e7\u00f5es educacionais e diversos concursos para projetos p\u00fablicos no Rio de Janeiro e em outros estados. Atrav\u00e9s da parceria e intera\u00e7\u00e3o com clientes, construtoras e profissionais ao longo dos \u00faltimos anos, interessa-nos a constante atua\u00e7\u00e3o em diferntes escalas de interven\u00e7\u00e3o, sempre contextualizando-a com a cidade, o entorno constru\u00eddo e a paisagem.<\/p>\n<p>[\/vc_column_text][\/vc_column][vc_column width=&#8221;1\/3&#8243;][vc_column_text css=&#8221;.vc_custom_1685640357381{padding-top: 40px !important;}&#8221;]<\/p>\n<h3 style=\"text-align: center;\">Sempre em busca de um di\u00e1logo efetivo com a cidade e a paisagem, fundamentais para a idealiza\u00e7\u00e3o de um belo lugar para morar.<\/h3>\n<p>Em todas essas categorias de projeto a interface com o patrim\u00f4nio constru\u00eddo e a paisagem de entorno se fazem presentes e geram desafios sempre estimulantes para o escrit\u00f3rio.[\/vc_column_text][\/vc_column][\/vc_row][vc_row css=&#8221;.vc_custom_1510495175672{background-color: #e6e5e0 !important;}&#8221;][vc_column css=&#8221;.vc_custom_1510495060365{padding-top: 20px !important;padding-right: 20px !important;padding-bottom: 20px !important;padding-left: 20px !important;}&#8221;]\t\n\t<div class=\"mgt-portfolio-grid wpb_content_element \"> \n\t\n\t<div class=\"portfolio-list portfolio-columns-4 portfolio-grid-layout-4  portfolio-with-spaces clearfix\" id=\"portfolio-list-84924989\">\n\n\t<div class=\"portfolio-item-block text-left portfolio-item-animation-9 slide-item arquiteto-fundador\" data-item=\"1\" data-name=\"Francisco Eduardo Hue\">\n\t<div class=\"portfolio-item-block-inside\">\n\t  <a href=\"\" target=\"_self\" rel=\"\">\n\t    <div class=\"portfolio-item-image\" data-style=\"background-image: url(https:\/\/franciscohue.com.br\/wp-content\/uploads\/2017\/10\/PB_FINAL_FRANCISCO.jpg);\"><\/div>\n\t    <div class=\"portfolio-item-bg\"><\/div>\n\t    \n\t    <div class=\"info\">\n\t      \t      \t    <\/div>\n\t    \n\t  <\/a>\n\t<\/div>\n\t\t<div class=\"portfolio-info-below\">\n\t\t<span class=\"sub-title\">Arquiteto Fundador<\/span>\n\t\t<a href=\"\" target=\"_self\" rel=\"\"><h4 class=\"title\">Francisco Eduardo Hue<\/h4><\/a>\n\t\t\t\t<div class=\"project-description\">Graduou-se em Arquitetura e Urbanismo pelo Instituto Metodista Bennett, em 1993 e mestrando em urbanismo pela PROURB \u2013 UFRJ. S\u00f3cio-diretor da Francisco Hue Arquitetura e professor do departamento de Arquitetura e Urbanismo da Pontif\u00edcia Universidade Cat\u00f3lica do Rio de Janeiro.<\/div>\n\t\t  \t<\/div>\n\t\t<\/div><div class=\"portfolio-item-block text-left portfolio-item-animation-9 slide-item arquiteta-equipe\" data-item=\"2\" data-name=\"Ana Carolina Muratori\">\n\t<div class=\"portfolio-item-block-inside\">\n\t  <a href=\"\" target=\"_self\" rel=\"\">\n\t    <div class=\"portfolio-item-image\" data-style=\"background-image: url(https:\/\/franciscohue.com.br\/wp-content\/uploads\/2017\/10\/PB_FINAL_IMG_3145.jpg);\"><\/div>\n\t    <div class=\"portfolio-item-bg\"><\/div>\n\t    \n\t    <div class=\"info\">\n\t      \t      \t    <\/div>\n\t    \n\t  <\/a>\n\t<\/div>\n\t\t<div class=\"portfolio-info-below\">\n\t\t<span class=\"sub-title\">Arquiteta<\/span>\n\t\t<a href=\"\" target=\"_self\" rel=\"\"><h4 class=\"title\">Ana Carolina Muratori<\/h4><\/a>\n\t\t\t\t<div class=\"project-description\">Graduou-se em Arquitetura e Urbanismo pela Universidade Federal do Rio de Janeiro, em 2015.<\/div>\n\t\t  \t<\/div>\n\t\t<\/div><div class=\"portfolio-item-block text-left portfolio-item-animation-9 slide-item arquiteta-equipe\" data-item=\"3\" data-name=\"Carolina Scucato\">\n\t<div class=\"portfolio-item-block-inside\">\n\t  <a href=\"#stay\" target=\"_self\" rel=\"\">\n\t    <div class=\"portfolio-item-image\" data-style=\"background-image: url(https:\/\/franciscohue.com.br\/wp-content\/uploads\/2017\/10\/PB_FINAL_IMG_2739-.jpg);\"><\/div>\n\t    <div class=\"portfolio-item-bg\"><\/div>\n\t    \n\t    <div class=\"info\">\n\t      \t      \t    <\/div>\n\t    \n\t  <\/a>\n\t<\/div>\n\t\t<div class=\"portfolio-info-below\">\n\t\t<span class=\"sub-title\">Arquiteta<\/span>\n\t\t<a href=\"#stay\" target=\"_self\" rel=\"\"><h4 class=\"title\">Carolina Scucato<\/h4><\/a>\n\t\t\t\t<div class=\"project-description\">Graduou-se em Arquitetura e Urbanismo pela Universidade Federal do Rio de Janeiro, em 2000.<\/div>\n\t\t  \t<\/div>\n\t\t<\/div><div class=\"portfolio-item-block text-left portfolio-item-animation-9 slide-item arquiteto\" data-item=\"1\" data-name=\"Diego Martins\">\n\t<div class=\"portfolio-item-block-inside\">\n\t  <a href=\"#stay\" target=\"_self\" rel=\"\">\n\t    <div class=\"portfolio-item-image\" data-style=\"background-image: url(https:\/\/franciscohue.com.br\/wp-content\/uploads\/2017\/10\/PB_FINAL_IMG_3053.jpg);\"><\/div>\n\t    <div class=\"portfolio-item-bg\"><\/div>\n\t    \n\t    <div class=\"info\">\n\t      \t      \t    <\/div>\n\t    \n\t  <\/a>\n\t<\/div>\n\t\t<div class=\"portfolio-info-below\">\n\t\t<span class=\"sub-title\">Arquiteto<\/span>\n\t\t<a href=\"#stay\" target=\"_self\" rel=\"\"><h4 class=\"title\">Diego Martins<\/h4><\/a>\n\t\t\t\t<div class=\"project-description\">Graduou-se em Arquitetura e Urbanismo pela Universidade Gama Filho, em 2012, e cursou Design de Interiores pelo Istituto Europeo di Design, em 2018.<\/div>\n\t\t  \t<\/div>\n\t\t<\/div><div class=\"portfolio-item-block text-left portfolio-item-animation-9 slide-item arquiteto\" data-item=\"2\" data-name=\"Raphael Abi Madi\">\n\t<div class=\"portfolio-item-block-inside\">\n\t  <a href=\"#stay\" target=\"_self\" rel=\"\">\n\t    <div class=\"portfolio-item-image\" data-style=\"background-image: url(https:\/\/franciscohue.com.br\/wp-content\/uploads\/2017\/10\/PB_FINAL_IMG_3050.jpg);\"><\/div>\n\t    <div class=\"portfolio-item-bg\"><\/div>\n\t    \n\t    <div class=\"info\">\n\t      \t      \t    <\/div>\n\t    \n\t  <\/a>\n\t<\/div>\n\t\t<div class=\"portfolio-info-below\">\n\t\t<span class=\"sub-title\">Arquiteto<\/span>\n\t\t<a href=\"#stay\" target=\"_self\" rel=\"\"><h4 class=\"title\">Raphael Abi Madi<\/h4><\/a>\n\t\t\t\t<div class=\"project-description\">Graduou-se em Arquitetura e Urbanismo pela Pontif\u00edcia Universidade Cat\u00f3lica do Rio de Janeiro, em 2013, com interc\u00e2mbio pela Universidade T\u00e9cnica de Lisboa, em 2012.<\/div>\n\t\t  \t<\/div>\n\t\t<\/div><div class=\"portfolio-item-block text-left portfolio-item-animation-9 slide-item arquiteto\" data-item=\"3\" data-name=\"Rodrigo Delfino\">\n\t<div class=\"portfolio-item-block-inside\">\n\t  <a href=\"#stay\" target=\"_self\" rel=\"\">\n\t    <div class=\"portfolio-item-image\" data-style=\"background-image: url(https:\/\/franciscohue.com.br\/wp-content\/uploads\/2017\/10\/PB_FINAL_RODRIGODELFINO.jpg);\"><\/div>\n\t    <div class=\"portfolio-item-bg\"><\/div>\n\t    \n\t    <div class=\"info\">\n\t      \t      \t    <\/div>\n\t    \n\t  <\/a>\n\t<\/div>\n\t\t<div class=\"portfolio-info-below\">\n\t\t<span class=\"sub-title\">Arquiteto<\/span>\n\t\t<a href=\"#stay\" target=\"_self\" rel=\"\"><h4 class=\"title\">Rodrigo Delfino<\/h4><\/a>\n\t\t\t\t<div class=\"project-description\">Graduou-se em Arquitetura e Urbanismo pela Universidade Federal do Rio de Janeiro, em 2021, com interc\u00e2mbio pela Universidad de Chile, em 2018.<\/div>\n\t\t  \t<\/div>\n\t\t<\/div><div class=\"portfolio-item-block text-left portfolio-item-animation-9 slide-item arquiteta-equipe\" data-item=\"1\" data-name=\"Sofia Burin Leonardos\">\n\t<div class=\"portfolio-item-block-inside\">\n\t  <a href=\"#stay\" target=\"_self\" rel=\"\">\n\t    <div class=\"portfolio-item-image\" data-style=\"background-image: url(https:\/\/franciscohue.com.br\/wp-content\/uploads\/2017\/10\/PB_FINAL_SOFIA.jpg);\"><\/div>\n\t    <div class=\"portfolio-item-bg\"><\/div>\n\t    \n\t    <div class=\"info\">\n\t      \t      \t    <\/div>\n\t    \n\t  <\/a>\n\t<\/div>\n\t\t<div class=\"portfolio-info-below\">\n\t\t<span class=\"sub-title\">Arquiteta<\/span>\n\t\t<a href=\"#stay\" target=\"_self\" rel=\"\"><h4 class=\"title\">Sofia Burin Leonardos<\/h4><\/a>\n\t\t\t\t<div class=\"project-description\">Graduou-se em Arquitetura e Urbanismo pela Pontif\u00edcia Universidade Cat\u00f3lica do Rio de Janeiro, em 2022, com interc\u00e2mbio pela City College of New York, em 2020.<\/div>\n\t\t  \t<\/div>\n\t\t<\/div><div class=\"portfolio-item-block text-left portfolio-item-animation-9 slide-item estagiaria\" data-item=\"2\" data-name=\"Gabriela Mello\">\n\t<div class=\"portfolio-item-block-inside\">\n\t  <a href=\"#stay\" target=\"_self\" rel=\"\">\n\t    <div class=\"portfolio-item-image\" data-style=\"background-image: url(https:\/\/franciscohue.com.br\/wp-content\/uploads\/2017\/10\/PB_IMG_3475-1024x1024.jpg);\"><\/div>\n\t    <div class=\"portfolio-item-bg\"><\/div>\n\t    \n\t    <div class=\"info\">\n\t      \t      \t    <\/div>\n\t    \n\t  <\/a>\n\t<\/div>\n\t\t<div class=\"portfolio-info-below\">\n\t\t<span class=\"sub-title\">Estagi\u00e1ria<\/span>\n\t\t<a href=\"#stay\" target=\"_self\" rel=\"\"><h4 class=\"title\">Gabriela Mello<\/h4><\/a>\n\t\t\t\t<div class=\"project-description\">Graduanda em Arquitetura e Urbanismo pela Universidade Federal do Rio de Janeiro, com interc\u00e2mbio no segundo ano de Mestrado na Politecnico di Milano, em 2021.<\/div>\n\t\t  \t<\/div>\n\t\t<\/div><div class=\"portfolio-item-block text-left portfolio-item-animation-9 slide-item arquiteta\" data-item=\"3\" data-name=\"Teresa Vilar\">\n\t<div class=\"portfolio-item-block-inside\">\n\t  <a href=\"#stay\" target=\"_self\" rel=\"\">\n\t    <div class=\"portfolio-item-image\" data-style=\"background-image: url(https:\/\/franciscohue.com.br\/wp-content\/uploads\/2017\/10\/FRANCISCO-HUE-TERESA-VILAR-PB.jpg);\"><\/div>\n\t    <div class=\"portfolio-item-bg\"><\/div>\n\t    \n\t    <div class=\"info\">\n\t      \t      \t    <\/div>\n\t    \n\t  <\/a>\n\t<\/div>\n\t\t<div class=\"portfolio-info-below\">\n\t\t<span class=\"sub-title\">Arquiteta Base Lisboa<\/span>\n\t\t<a href=\"#stay\" target=\"_self\" rel=\"\"><h4 class=\"title\">Teresa Vilar<\/h4><\/a>\n\t\t\t\t<div class=\"project-description\">Graduou-se em Arquitetura e Urbanismo pela Universidade Lus\u00edada de Lisboa, em 2009 com mestrado integrado em Arquitetura com o tema \u201cArquitetura como Marca Territorial\u201d, em 2010. Curso de extens\u00e3o em Princ\u00edpios e Pr\u00e1ticas do Projeto de Restaura\u00e7\u00e3o do Patrim\u00f4nio Cultural pela PUC-RIO, em 2016.<\/div>\n\t\t  \t<\/div>\n\t\t<\/div><div class=\"portfolio-item-block text-left portfolio-item-animation-9 slide-item design-interior\" data-item=\"1\" data-name=\"Tomaz Hue\">\n\t<div class=\"portfolio-item-block-inside\">\n\t  <a href=\"#stay\" target=\"_self\" rel=\"\">\n\t    <div class=\"portfolio-item-image\" data-style=\"background-image: url(https:\/\/franciscohue.com.br\/wp-content\/uploads\/2017\/10\/FRANCISCO-HUE-TOMAZ-HUE-PB.jpg);\"><\/div>\n\t    <div class=\"portfolio-item-bg\"><\/div>\n\t    \n\t    <div class=\"info\">\n\t      \t      \t    <\/div>\n\t    \n\t  <\/a>\n\t<\/div>\n\t\t<div class=\"portfolio-info-below\">\n\t\t<span class=\"sub-title\">Design Interior Base Barcelona<\/span>\n\t\t<a href=\"#stay\" target=\"_self\" rel=\"\"><h4 class=\"title\">Tomaz Hue<\/h4><\/a>\n\t\t\t\t<div class=\"project-description\">Graduou-se em design pela Escola Superior de Design em Barcelona \u2013 La Massana \u2013 em 2006 e em design de interior pelo UCAM \u2013 RJ em 2008.<\/div>\n\t\t  \t<\/div>\n\t\t<\/div><div class=\"portfolio-item-block text-left portfolio-item-animation-9 slide-item secretaria\" data-item=\"2\" data-name=\"Alva Guimar\u00e3es\">\n\t<div class=\"portfolio-item-block-inside\">\n\t  <a href=\"#stay\" target=\"_self\" rel=\"\">\n\t    <div class=\"portfolio-item-image\" data-style=\"background-image: url(https:\/\/franciscohue.com.br\/wp-content\/uploads\/2017\/10\/PB_IMG_3430-1024x1024.jpg);\"><\/div>\n\t    <div class=\"portfolio-item-bg\"><\/div>\n\t    \n\t    <div class=\"info\">\n\t      \t      \t    <\/div>\n\t    \n\t  <\/a>\n\t<\/div>\n\t\t<div class=\"portfolio-info-below\">\n\t\t<span class=\"sub-title\">Secret\u00e1ria<\/span>\n\t\t<a href=\"#stay\" target=\"_self\" rel=\"\"><h4 class=\"title\">Alva Guimar\u00e3es<\/h4><\/a>\n\t\t\t\t<div class=\"project-description\">Bacharel em Direito.<\/div>\n\t\t  \t<\/div>\n\t\t<\/div>\t         \n\t\n\t<\/div>\n\n\t<\/div> <script>(function($){\n            $(document).ready(function() {\n\n                function initPortfolioCarousel() {\n\n\t\t\t\t\t$(\"#portfolio-list-84924989\").owlCarousel({\n\t                    items: 4,\n\t                    slideSpeed: 100,\n\t                    itemsDesktop:   [1199,4],\n\t                    itemsDesktopSmall: [979,1],\n\t                    itemsTablet: [768,1],\n\t                    itemsMobile : [479,1],\n\t                    autoPlay: true,\n\t                    navigation: true,\n\t                    navigationText : false,\n\t                    pagination: false,\n\t                    afterInit : function(elem){\n\t                        $(this).css(\"display\", \"block\");\n\t                    }\n\t                });\n\n\t\t\t\t}\n\n\t\t\t\tsetTimeout(initPortfolioCarousel, 1000);\n                \n            });})(jQuery);<\/script>[\/vc_column][\/vc_row]<\/p>\n","protected":false},"excerpt":{"rendered":"<p>[vc_row row_onepage_id=&#8221;#equipe&#8221; css=&#8221;.vc_custom_1513925779942{border-top-width: 40px !important;}&#8221; el_id=&#8221;equipe&#8221;][vc_column width=&#8221;1\/3&#8243;][vc_column_text css=&#8221;.vc_custom_1508910417378{padding-top: 60px !important;padding-left: 20px !important;}&#8221;] Conhe\u00e7a nosso escrit\u00f3rio e equipe [\/vc_column_text][vc_raw_html]JTNDYSUyMG5hbWUlM0QlMjJzdGF5JTIyJTNFJTNDJTJGYSUzRQ==[\/vc_raw_html][vc_separator el_id=&#8221;teste&#8221;][\/vc_column][vc_column width=&#8221;1\/3&#8243;][vc_column_text css=&#8221;.vc_custom_1509331559492{padding-top: 60px !important;padding-right: 20px !important;padding-bottom: 20px !important;padding-left: 0px !important;}&#8221;] Estabelecido&#8230;<\/p>\n","protected":false},"author":1,"featured_media":0,"parent":0,"menu_order":0,"comment_status":"closed","ping_status":"closed","template":"","meta":[],"_links":{"self":[{"href":"https:\/\/franciscohue.com.br\/index.php?rest_route=\/wp\/v2\/pages\/5880"}],"collection":[{"href":"https:\/\/franciscohue.com.br\/index.php?rest_route=\/wp\/v2\/pages"}],"about":[{"href":"https:\/\/franciscohue.com.br\/index.php?rest_route=\/wp\/v2\/types\/page"}],"author":[{"embeddable":true,"href":"https:\/\/franciscohue.com.br\/index.php?rest_route=\/wp\/v2\/users\/1"}],"replies":[{"embeddable":true,"href":"https:\/\/franciscohue.com.br\/index.php?rest_route=%2Fwp%2Fv2%2Fcomments&post=5880"}],"version-history":[{"count":5,"href":"https:\/\/franciscohue.com.br\/index.php?rest_route=\/wp\/v2\/pages\/5880\/revisions"}],"predecessor-version":[{"id":5994,"href":"https:\/\/franciscohue.com.br\/index.php?rest_route=\/wp\/v2\/pages\/5880\/revisions\/5994"}],"wp:attachment":[{"href":"https:\/\/franciscohue.com.br\/index.php?rest_route=%2Fwp%2Fv2%2Fmedia&parent=5880"}],"curies":[{"name":"wp","href":"https:\/\/api.w.org\/{rel}","templated":true}]}}