{"id":4982,"date":"2017-10-25T14:30:02","date_gmt":"2017-10-25T16:30:02","guid":{"rendered":"http:\/\/comargumento.com.br\/westclima\/?page_id=4982"},"modified":"2017-12-22T05:09:25","modified_gmt":"2017-12-22T07:09:25","slug":"projetos-comerciais","status":"publish","type":"page","link":"https:\/\/franciscohue.com.br\/?page_id=4982","title":{"rendered":"Projetos Comerciais"},"content":{"rendered":"<p>[vc_row equal_height=&#8221;yes&#8221;][vc_column width=&#8221;1\/6&#8243; css=&#8221;.vc_custom_1487239752272{padding-top: 80px !important;padding-right: 100px !important;}&#8221;][\/vc_column][vc_column width=&#8221;2\/3&#8243; css=&#8221;.vc_custom_1493806842836{padding-top: 30px !important;}&#8221;][vc_column_text]<\/p>\n<p style=\"text-align: center;\">Estes projetos abrangem escrit\u00f3rios, galerias de artes e espa\u00e7os comerciais em shoppings. S\u00e3o de escalas variadas e programas bem distintos entre si como um escrit\u00f3rio de advocacia e a galeria da G\u00e1vea.<\/p>\n<p>[\/vc_column_text][\/vc_column][vc_column width=&#8221;1\/6&#8243;][\/vc_column][\/vc_row][vc_row css=&#8221;.vc_custom_1438333348452{margin-bottom: 80px !important;}&#8221;][vc_column]\t\n\t<div class=\"mgt-portfolio-grid wpb_content_element \"> \n\t\n\t<div class=\"portfolio-list portfolio-columns-4 portfolio-grid-layout-0  portfolio-with-spaces clearfix\" id=\"portfolio-list-66860370\">\n\n\t<div class=\"portfolio-item-block text-left portfolio-item-animation-4 mix comercial\" data-item=\"1\" data-name=\"Est\u00fadio e Galeria da G\u00e1vea &#8211; EGG\">\n\t<div class=\"portfolio-item-block-inside\">\n\t  <a href=\"https:\/\/franciscohue.com.br\/?mgt_portfolio=estudio-e-galeria-da-gavea-egg\" target=\"_self\" rel=\"\">\n\t    <div class=\"portfolio-item-image\" data-style=\"background-image: url(https:\/\/franciscohue.com.br\/wp-content\/uploads\/2017\/12\/Projeto-Comercial-Estudio-Galeria-Gavea-Francisco-Hue-5-1024x1024.jpg);\"><\/div>\n\t    <div class=\"portfolio-item-bg\"><\/div>\n\t    \n\t    <div class=\"info\">\n\t      \t\t      <span class=\"sub-title\">Comercial<\/span>\n\t\t      <h4 class=\"title\">Est\u00fadio e Galeria da G\u00e1vea &#8211; EGG<\/h4>\n\t\t      \t\t      <div class=\"project-description\">RIO DE JANEIRO, RJ | 2017<\/div>\n\t\t  \t  \t  \t  \t      \t      <div class=\"view-more btn mgt-button mgt-button-round-edges-disable\">Ver Projeto<\/div>\n\t  \t  \t    <\/div>\n\t    \n\t  <\/a>\n\t<\/div>\n\t\t<\/div><div class=\"portfolio-item-block text-left portfolio-item-animation-4 mix comercial\" data-item=\"2\" data-name=\"Escrit\u00f3rio de Advocacia\">\n\t<div class=\"portfolio-item-block-inside\">\n\t  <a href=\"https:\/\/franciscohue.com.br\/?mgt_portfolio=escritorio-de-advocacia\" target=\"_self\" rel=\"\">\n\t    <div class=\"portfolio-item-image\" data-style=\"background-image: url(https:\/\/franciscohue.com.br\/wp-content\/uploads\/2017\/10\/Projeto-Comercial-Escrito\u0301rio-Advocacia-Francisco-Gue6.jpg);\"><\/div>\n\t    <div class=\"portfolio-item-bg\"><\/div>\n\t    \n\t    <div class=\"info\">\n\t      \t\t      <span class=\"sub-title\">Comercial<\/span>\n\t\t      <h4 class=\"title\">Escrit\u00f3rio de Advocacia<\/h4>\n\t\t      \t\t      <div class=\"project-description\">RIO DE JANEIRO, RJ | 2011<\/div>\n\t\t  \t  \t  \t  \t      \t      <div class=\"view-more btn mgt-button mgt-button-round-edges-disable\">Ver Projeto<\/div>\n\t  \t  \t    <\/div>\n\t    \n\t  <\/a>\n\t<\/div>\n\t\t<\/div><div class=\"portfolio-item-block text-left portfolio-item-animation-4 mix comercial\" data-item=\"3\" data-name=\"Est\u00fadio de Fotografia\">\n\t<div class=\"portfolio-item-block-inside\">\n\t  <a href=\"https:\/\/franciscohue.com.br\/?mgt_portfolio=estudio-de-fotografia\" target=\"_self\" rel=\"\">\n\t    <div class=\"portfolio-item-image\" data-style=\"background-image: url(https:\/\/franciscohue.com.br\/wp-content\/uploads\/2017\/10\/Estu\u0301dio-de-Fotografia-3.jpg);\"><\/div>\n\t    <div class=\"portfolio-item-bg\"><\/div>\n\t    \n\t    <div class=\"info\">\n\t      \t\t      <span class=\"sub-title\">Comercial<\/span>\n\t\t      <h4 class=\"title\">Est\u00fadio de Fotografia<\/h4>\n\t\t      \t\t      <div class=\"project-description\">RIO DE JANEIRO, RJ | 2002<\/div>\n\t\t  \t  \t  \t  \t      \t      <div class=\"view-more btn mgt-button mgt-button-round-edges-disable\">Ver Projeto<\/div>\n\t  \t  \t    <\/div>\n\t    \n\t  <\/a>\n\t<\/div>\n\t\t<\/div><div class=\"portfolio-item-block text-left portfolio-item-animation-4 mix comercial\" data-item=\"1\" data-name=\"Mil Frutas Cidade Jardim\">\n\t<div class=\"portfolio-item-block-inside\">\n\t  <a href=\"https:\/\/franciscohue.com.br\/?mgt_portfolio=mil-frutas-cidade-jardim\" target=\"_self\" rel=\"\">\n\t    <div class=\"portfolio-item-image\" data-style=\"background-image: url(https:\/\/franciscohue.com.br\/wp-content\/uploads\/2017\/02\/Capa-Mil-Frutas-Cidade-Jardim-1.jpg);\"><\/div>\n\t    <div class=\"portfolio-item-bg\"><\/div>\n\t    \n\t    <div class=\"info\">\n\t      \t\t      <span class=\"sub-title\">Comercial<\/span>\n\t\t      <h4 class=\"title\">Mil Frutas Cidade Jardim<\/h4>\n\t\t      \t\t      <div class=\"project-description\">S\u00c3O PAULO, SP | 2009<\/div>\n\t\t  \t  \t  \t  \t      \t      <div class=\"view-more btn mgt-button mgt-button-round-edges-disable\">Ver Projeto<\/div>\n\t  \t  \t    <\/div>\n\t    \n\t  <\/a>\n\t<\/div>\n\t\t<\/div><div class=\"portfolio-item-block text-left portfolio-item-animation-4 mix comercial destaque\" data-item=\"2\" data-name=\"Galeria de Arte H.A.P.\">\n\t<div class=\"portfolio-item-block-inside\">\n\t  <a href=\"https:\/\/franciscohue.com.br\/?mgt_portfolio=galeria-de-arte-h-a-p\" target=\"_self\" rel=\"\">\n\t    <div class=\"portfolio-item-image\" data-style=\"background-image: url(https:\/\/franciscohue.com.br\/wp-content\/uploads\/2017\/10\/Projeto-Comercial-Galeria-de-Arte-HAP4-Francisco-Hue.jpg);\"><\/div>\n\t    <div class=\"portfolio-item-bg\"><\/div>\n\t    \n\t    <div class=\"info\">\n\t      \t\t      <span class=\"sub-title\">Comercial \/ Destaque<\/span>\n\t\t      <h4 class=\"title\">Galeria de Arte H.A.P.<\/h4>\n\t\t      \t\t      <div class=\"project-description\">RIO DE JANEIRO, RJ | 2000<\/div>\n\t\t  \t  \t  \t  \t      \t      <div class=\"view-more btn mgt-button mgt-button-round-edges-disable\">Ver Projeto<\/div>\n\t  \t  \t    <\/div>\n\t    \n\t  <\/a>\n\t<\/div>\n\t\t<\/div>\t         \n\t\n\t<\/div>\n\n\t<\/div> <script>(function($){\n\t    $(document).ready(function() {\n\n\t\t    $(\"#portfolio-list-66860370\").mixItUp({effects:[\"fade\",\"scale\"],easing:\"snap\"});\n\n\t    });})(jQuery);<\/script>[\/vc_column][\/vc_row]<\/p>\n","protected":false},"excerpt":{"rendered":"<p>[vc_row equal_height=&#8221;yes&#8221;][vc_column width=&#8221;1\/6&#8243; css=&#8221;.vc_custom_1487239752272{padding-top: 80px !important;padding-right: 100px !important;}&#8221;][\/vc_column][vc_column width=&#8221;2\/3&#8243; css=&#8221;.vc_custom_1493806842836{padding-top: 30px !important;}&#8221;][vc_column_text] Estes projetos abrangem escrit\u00f3rios, galerias de artes e espa\u00e7os comerciais em shoppings. S\u00e3o de escalas variadas e programas&#8230;<\/p>\n","protected":false},"author":1,"featured_media":0,"parent":0,"menu_order":0,"comment_status":"closed","ping_status":"closed","template":"","meta":[],"_links":{"self":[{"href":"https:\/\/franciscohue.com.br\/index.php?rest_route=\/wp\/v2\/pages\/4982"}],"collection":[{"href":"https:\/\/franciscohue.com.br\/index.php?rest_route=\/wp\/v2\/pages"}],"about":[{"href":"https:\/\/franciscohue.com.br\/index.php?rest_route=\/wp\/v2\/types\/page"}],"author":[{"embeddable":true,"href":"https:\/\/franciscohue.com.br\/index.php?rest_route=\/wp\/v2\/users\/1"}],"replies":[{"embeddable":true,"href":"https:\/\/franciscohue.com.br\/index.php?rest_route=%2Fwp%2Fv2%2Fcomments&post=4982"}],"version-history":[{"count":6,"href":"https:\/\/franciscohue.com.br\/index.php?rest_route=\/wp\/v2\/pages\/4982\/revisions"}],"predecessor-version":[{"id":5717,"href":"https:\/\/franciscohue.com.br\/index.php?rest_route=\/wp\/v2\/pages\/4982\/revisions\/5717"}],"wp:attachment":[{"href":"https:\/\/franciscohue.com.br\/index.php?rest_route=%2Fwp%2Fv2%2Fmedia&parent=4982"}],"curies":[{"name":"wp","href":"https:\/\/api.w.org\/{rel}","templated":true}]}}